. Calculate the remainder when g is divided by 5.
1
Let s(h) = 4*h**2 + 4*h + 4. Let d be s(5). Let q be d/(-20)*(-6 - -1). Suppose 2*o = 167 - q. Calculate the remainder when o is divided by 14.
12
Suppose -2*z - 132 = -5*q - 10, 2*z - 46 = -2*q. Calculate the remainder when 47 is divided by q.
23
What is the remainder when 12 + (-18 - -3) - (-104 - 0) is divided by 50?
1
What is the remainder when 274 is divided by (-186)/(-8) - (-9)/(-36)?
21
Suppose -3*k - 6 = -3*x, 2*k + 0*x = 3*x - 5. Calculate the remainder when 6 is divided by (-5 + 7)/(0 - k).
0
Let g(f) = -2*f - 1. Let j be g(0). Let l(m) = 10*m + 2. What is the remainder when l(2) is divided by 56/(-7)*(j + 0)?
6
Let p(l) = 37*l**2 - l. Let k(w) = -2*w + 20. What is the remainder when p(-1) is divided by k(5)?
8
Suppose -13*f - 5*f + 1692 = 0. What is the remainder when f is divided by 38?
18
Suppose -4*c - 213 = -7*c. Suppose 356 = 14*k - 8. What is the remainder when c is divided by k?
19
Suppose 45*g + 1128 = 92*g. Calculate the remainder when 167 is divided by g.
23
Suppose -15*c + 1854 = 204. Let n = c - 67. What is the remainder when n is divided by 24?
19
Suppose -p + 7*p = -180. What is the remainder when 76 is divided by (91/(-35))/(2/p)?
37
Suppose 4*p = w - 75, 4*w - 2*p = 392 - 22. Calculate the remainder when w is divided by 7.
4
Let b = 0 - -6. Suppose c + 182 = b*c - 2*f, 3*f = -2*c + 88. What is the remainder when 112 is divided by c?
36
Let f be -4 + 5 - -3 - 5. Calculate the remainder when (f + (-65)/(-25))*(0 + 30) is divided by 10.
8
Let o(f) be the third derivative of -5*f**4/24 - 13*f**3/2 + 36*f**2. What is the remainder when 91 is divided by o(-14)?
29
Let c = 288 + 47. Calculate the remainder when c is divided by 84.
83
What is the remainder when 277 is divided by 94 - (-6)/(-5)*-5?
77
Suppose 8*p - 16 = 6*p. Let d(q) = -q**3 + 8*q**2 + 3*q. What is the remainder when d(p) is divided by 13?
11
Suppose -96*f + 111 = -93*f. Suppose -3*b + 44 = -271. Let c = 40 + b. What is the remainder when c is divided by f?
34
Suppose -d + 26 = -q, -d + 25 = 3*q - 1. What is the remainder when 272 is divided by d?
12
Let g(f) = 29*f - 4. Let j be g(2). Calculate the remainder when 86 is divided by (-3*(-4)/(-18))/((-2)/j).
14
Suppose -2*v + 52 = -0*o - 4*o, -o = 4*v + 4. Let a = o + 12. Suppose -b = 2*r - 43, 3*b - 37 = -a*r - 2*r. Calculate the remainder when 66 is divided by r.
20
Suppose s + 3*s - 1216 = 0. Suppose -8*f + 0*f + s = 0. Calculate the remainder when f is divided by 1 + -9*1*-1.
8
Let x(d) = -3*d - 12. Let b be x(-5). Suppose b*q = -2*q. Suppose q = -h - h + 5*u + 6, -4*h - 4*u = -12. Calculate the remainder when 9 is divided by h.
0
Let u = -30 - -44. What is the remainder when 32 is divided by 147/u + 3/2?
8
Let p = -190 + 270. Calculate the remainder when 399 is divided by p.
79
Suppose 3*y + 15 = 5*h + 5*y, -2*y = 0. Let g = -185 + 192. What is the remainder when g is divided by h?
1
Let p = -428 - -435. Calculate the remainder when p is divided by 6.
1
Suppose -6*u + 737 + 553 = 0. Suppose -4*m = 43 - u. Calculate the remainder when m is divided by 11.
10
Let t = -7 - -1. Let p = 23 + t. Suppose 4*w - p = k - 1, -31 = -3*w - 4*k. What is the remainder when w is divided by 3?
2
Let s be (3/2)/((-10)/(-20)). Suppose 491 = s*j + 98. What is the remainder when j is divided by 11?
10
Let v = 19 + -24. Let g = v + -4. Calculate the remainder when 69 is divided by (g/6)/((-6)/56).
13
Let j = 13 + -23. Let c = 10 + j. Suppose c = -4*x + 2*x + 2. Calculate the remainder when 3 is divided by x.
0
Let q = 91 - 8. Suppose -2*h - 2*h + 20 = 0. Suppose 12*s - h*s - 196 = 0. Calculate the remainder when q is divided by s.
27
Let a = -499 + 804. What is the remainder when a is divided by 21?
11
Suppose -f + 42*f - 1271 = 0. What is the remainder when f is divided by 9?
4
Suppose 1529 = 27*h - 874. Calculate the remainder when h is divided by 6.
5
Let t = 1 - -11. Let b = -205 + 207. Suppose b*g - 51 = -2*z - 3*g, 0 = 2*z + g - 63. What is the remainder when z is divided by t?
9
Let y = -1112 + 1141. Calculate the remainder when 173 is divided by y.
28
Let a(o) = -14 - 3 - 5*o - 5. Calculate the remainder when 15 is divided by a(-6).
7
Suppose -5*u = u + 498. Let b = -59 - u. Calculate the remainder when 45 is divided by b.
21
Calculate the remainder when 26/(-65) - 377/(-5) is divided by 27.
21
Let l(q) = q**3 + 11*q**2 - 12*q + 3. Let h be l(-12). Suppose 15 = h*d, -3*y + 68 = -d - 26. What is the remainder when 63 is divided by y?
30
Let x(a) = 12*a - 49. Let d(c) = 2*c + 18. Let j be d(-4). What is the remainder when x(j) is divided by 8?
7
Let n(a) be the first derivative of a**4/4 - a**3/3 + a**2/2 + 16*a + 1. Suppose -343 = -29*i + 527. What is the remainder when i is divided by n(0)?
14
Suppose -2 = -c + 4. Let s(o) = -5*o + 0*o**3 + 0 + 5 + o**3 - 5*o**2 + 0. Calculate the remainder when s(6) is divided by c.
5
Let i be 26*(1 - -1 - 0). What is the remainder when i*(3 + 14/(-8)) is divided by 17?
14
Suppose 4*z = 4*o, 35 = o + o + 5*z. Suppose 2*x - 59 = -3*t, 142 = -0*x + o*x + 2*t. What is the remainder when x is divided by 15?
13
Let m(c) = -c**3 + 4*c**2 + 2. Let y = 53 + -50. Calculate the remainder when 5/(15/(-6)) + 43 is divided by m(y).
8
Let s(p) = p**3 + 20*p**2 + 48*p - 23. What is the remainder when s(-16) is divided by 59?
56
Suppose 5*v = z + 271, -5*v - 3*z = -3*v - 105. What is the remainder when 209 is divided by v?
47
Let s(d) = 4*d - 57. What is the remainder when 37 is divided by s(17)?
4
Suppose -271*x = -263*x - 1136. What is the remainder when x is divided by 68?
6
What is the remainder when (-111)/(-74)*(-152)/(-6) is divided by 15?
8
Suppose 40 = 88*j - 312. Let v = 1 - -2. Suppose 0 = 2*g + v*g - 75. Calculate the remainder when g is divided by j.
3
Suppose 0 = 5*n - y - 1639, -88 = -3*n + 5*y + 891. Calculate the remainder when n is divided by 30.
28
Calculate the remainder when 58 is divided by -1 + -6*-3*6/36.
0
Let q = 293 - 200. What is the remainder when q is divided by 4?
1
Let d be 2 - (48/9)/(2/21). Calculate the remainder when (2/(2/3))/(d/(-1314)) is divided by 19.
16
Suppose j - 5*v - 16 = 0, 3*v = -2*j - 2*v + 77. Calculate the remainder when 90 is divided by j.
28
Let w = -388 + 680. What is the remainder when w is divided by 74?
70
Let s = 2 - -1. Let b(q) = -3*q + 14. Let z be b(3). Suppose s*l = -2 + z, -2*l = -5*o + 63. Calculate the remainder when 23 is divided by o.
10
Let v be 1 - (17 + -1 + -3). Let c be ((-8)/v)/((-4)/(-42)). Suppose r - 21 = -c. Calculate the remainder when 40 is divided by r.
12
What is the remainder when ((-55)/44)/(1/(-52)) is divided by 25?
15
Suppose -5*x = -v - 353, 2*v - 3 = 1. Let k = -63 - -29. Let i = k + 52. Calculate the remainder when x is divided by i.
17
Let g(s) = 4*s**3 - 3*s**2 + 3*s + 5. Let h be g(3). Suppose 6*z - 7 = h. Calculate the remainder when 133 is divided by z.
14
Let b(c) = -c**3 - 28*c**2 + 10*c - 68. What is the remainder when b(-29) is divided by 44?
43
Suppose 3*z + 2*d - 171 = 0, 4*z = -0*z + 4*d + 208. Calculate the remainder when 107 is divided by z.
52
Let f = -56 - -59. Let m(w) = -w**3 + 5*w**2 - 2*w + 3. What is the remainder when 53 is divided by m(f)?
8
Let z = 1 - -5. Suppose 57*h + 48 = 5*v + 53*h, -5*v = 2*h - 36. What is the remainder when v is divided by z?
2
Let t be (-2 - -1)/((-4)/(-56)). Let f = t - -24. Let n = 63 - 45. Calculate the remainder when n is divided by f.
8
Let b = 330 - 314. What is the remainder when 59 is divided by b?
11
Suppose 0 = 11*g - 191 - 260. Calculate the remainder when g is divided by (-25)/(-4) + (-1)/4.
5
Let l be 35/1 + (3 - 6). What is the remainder when (l - 1)/(0 - -1) is divided by (-4)/18 + (-74)/(-9)?
7
What is the remainder when 37 is divided by (1456/392)/((-4)/(-14))?
11
Let r = 12 - 1. Let t be (-8)/36 - (-681)/27. Suppose 4*j - t = -i, 6*j - 5*j = -2*i + 43. What is the remainder when i is divided by r?
10
Suppose -n + 3*n = 2. Let u(o) = -9*o - 69. Calculate the remainder when u(-8) is divided by n.
0
Let i(n) = n**2 + 9*n + 22. Let l be ((-4)/(-6))/(1/(-27)). What is the remainder when i(-9) is divided by 6/(-27) + (-94)/l?
2
Suppose 2355 = 26*g - 11*g. Calculate the remainder when g is divided 